{"id":633,"date":"2023-12-01T09:26:22","date_gmt":"2023-12-01T09:26:22","guid":{"rendered":"https:\/\/klovborg.dk\/index.php\/vindmoeller\/"},"modified":"2023-12-01T09:27:59","modified_gmt":"2023-12-01T09:27:59","slug":"vindmoeller","status":"publish","type":"page","link":"https:\/\/klovborg.dk\/index.php\/vindmoeller\/","title":{"rendered":"Vindm\u00f8ller"},"content":{"rendered":"<div data-colibri-id=\"633-c1\" class=\"style-609 style-local-633-c1 position-relative\">\n  <!---->\n  <div data-colibri-component=\"section\" data-colibri-id=\"633-c2\" id=\"custom\" class=\"h-section h-section-global-spacing d-flex align-items-lg-center align-items-md-center align-items-center style-610 style-local-633-c2 position-relative\">\n    <!---->\n    <!---->\n    <div class=\"h-section-grid-container h-section-boxed-container\">\n      <!---->\n      <div data-colibri-id=\"633-c3\" class=\"h-row-container gutters-row-lg-2 gutters-row-md-2 gutters-row-0 gutters-row-v-lg-2 gutters-row-v-md-2 gutters-row-v-2 style-611 style-local-633-c3 position-relative\">\n        <!---->\n        <div class=\"h-row justify-content-lg-center justify-content-md-center justify-content-center align-items-lg-stretch align-items-md-stretch align-items-stretch gutters-col-lg-2 gutters-col-md-2 gutters-col-0 gutters-col-v-lg-2 gutters-col-v-md-2 gutters-col-v-2\">\n          <!---->\n          <div class=\"h-column h-column-container d-flex h-col-lg-auto h-col-md-auto h-col-auto style-612-outer style-local-633-c4-outer\">\n            <div data-colibri-id=\"633-c4\" class=\"d-flex h-flex-basis h-column__inner h-px-lg-2 h-px-md-2 h-px-2 v-inner-lg-2 v-inner-md-2 v-inner-2 style-612 style-local-633-c4 position-relative\">\n              <!---->\n              <!---->\n              <div class=\"w-100 h-y-container h-column__content h-column__v-align flex-basis-100 align-self-lg-start align-self-md-start align-self-start\">\n                <!---->\n                <div data-colibri-id=\"633-c7\" class=\"page-title style-615 style-local-633-c7 position-relative h-element\">\n                  <!---->\n                  <div class=\"h-page-title__outer style-615-outer style-local-633-c7-outer\">\n                    <div class=\"h-global-transition-all\"><span><h1 style='margin-bottom:0'>Vindm\u00f8ller<\/h1><\/span><\/div>\n                  <\/div>\n                <\/div>\n                <div data-colibri-id=\"633-c8\" class=\"h-text h-text-component style-616 style-local-633-c8 position-relative h-element\">\n                  <!---->\n                  <!---->\n                  <div class=\"\">\n                    <p>I 2013 indgik vi et samarbejde med Jysk Vindenergi, om ops\u00e6tning af 2 vindm\u00f8ller p\u00e5 vores arealer. Det var en del af et st\u00f8rre projekt p\u00e5 ialt 7 m\u00f8ller.<\/p>\n                    <p>M\u00f8llerne stod f\u00e6rdige i 2016, og kan ses dreje rundt p\u00e5 venstre side, n\u00e5r man tager motorvejen mod syd fra Br\u00f8nderslev.<\/p>\n                    <p>Den \u00e5rlige produktion fra de to m\u00f8ller er p\u00e5 ca. 18-19 mio. kWh, eller hvad er svarer til 4000 husstande om \u00e5ret. Til sammenligning bruger vi p\u00e5 Klovborg samlet set 800.000 kWh \u00e5rligt.<\/p>\n                    <p>\n                      <br>\n                    <\/p>\n                  <\/div>\n                <\/div>\n                <div data-colibri-id=\"633-c9\" class=\"d-block style-617 style-local-633-c9 position-relative h-element\">\n                  <!---->\n                  <div class=\"h-image__frame-container-outer\">\n                    <div class=\"h-image__frame-container\">\n                      <!---->\n                      <!---->\n                      <img loading=\"lazy\" decoding=\"async\" width=\"2000\" height=\"1333\" src=\"https:\/\/klovborg.dk\/wp-content\/uploads\/2023\/12\/IMG_1481.jpg\" class=\"wp-image-635 style-617-image style-local-633-c9-image\" alt=\"\" srcset=\"https:\/\/klovborg.dk\/wp-content\/uploads\/2023\/12\/IMG_1481.jpg 2000w, https:\/\/klovborg.dk\/wp-content\/uploads\/2023\/12\/IMG_1481-300x200.jpg 300w, https:\/\/klovborg.dk\/wp-content\/uploads\/2023\/12\/IMG_1481-1024x682.jpg 1024w, https:\/\/klovborg.dk\/wp-content\/uploads\/2023\/12\/IMG_1481-768x512.jpg 768w, https:\/\/klovborg.dk\/wp-content\/uploads\/2023\/12\/IMG_1481-1536x1024.jpg 1536w\" sizes=\"auto, (max-width: 2000px) 100vw, 2000px\" \/>\n                      <div class=\"h-image__frame h-hide-lg h-hide-md h-hide-sm style-617-frameImage style-local-633-c9-frameImage\"><\/div>\n                    <\/div>\n                  <\/div>\n                <\/div>\n              <\/div>\n            <\/div>\n          <\/div>\n        <\/div>\n      <\/div>\n    <\/div>\n  <\/div>\n<\/div>","protected":false},"excerpt":{"rendered":"<p>I 2013 indgik vi et samarbejde med Jysk Vindenergi, om ops\u00e6tning af 2 vindm\u00f8ller p\u00e5 vores arealer. Det var en del af et st\u00f8rre projekt p\u00e5 ialt 7 m\u00f8ller. M\u00f8llerne stod f\u00e6rdige i 2016, og kan ses dreje rundt p\u00e5 venstre side, n\u00e5r man tager motorvejen mod syd fra Br\u00f8nderslev. Den \u00e5rlige produktion fra de [&hellip;]<\/p>\n","protected":false},"author":1,"featured_media":0,"parent":0,"menu_order":0,"comment_status":"closed","ping_status":"closed","template":"page-templates\/full-width-page.php","meta":{"footnotes":""},"class_list":["post-633","page","type-page","status-publish","hentry"],"_links":{"self":[{"href":"https:\/\/klovborg.dk\/index.php\/wp-json\/wp\/v2\/pages\/633","targetHints":{"allow":["GET"]}}],"collection":[{"href":"https:\/\/klovborg.dk\/index.php\/wp-json\/wp\/v2\/pages"}],"about":[{"href":"https:\/\/klovborg.dk\/index.php\/wp-json\/wp\/v2\/types\/page"}],"author":[{"embeddable":true,"href":"https:\/\/klovborg.dk\/index.php\/wp-json\/wp\/v2\/users\/1"}],"replies":[{"embeddable":true,"href":"https:\/\/klovborg.dk\/index.php\/wp-json\/wp\/v2\/comments?post=633"}],"version-history":[{"count":1,"href":"https:\/\/klovborg.dk\/index.php\/wp-json\/wp\/v2\/pages\/633\/revisions"}],"predecessor-version":[{"id":637,"href":"https:\/\/klovborg.dk\/index.php\/wp-json\/wp\/v2\/pages\/633\/revisions\/637"}],"wp:attachment":[{"href":"https:\/\/klovborg.dk\/index.php\/wp-json\/wp\/v2\/media?parent=633"}],"curies":[{"name":"wp","href":"https:\/\/api.w.org\/{rel}","templated":true}]}}